at is the highest common divisor of d and 63?
7
Suppose 4*r = -20, 4*o + o = -4*r + 200. Let n(d) = 302*d + 60*d**2 - 4 - 6 + 24*d**2 - 58*d**2. Let h be n(-12). What is the highest common divisor of h and o?
22
Let b = -15 + 42. Suppose z + 4 = -b. Let v = z - -37. Calculate the highest common factor of v and 4.
2
Suppose 0 = -l + 2*q + 46, -174*l + 169*l + q = -239. What is the greatest common factor of l and 24?
24
Suppose 0 = 477*f - 466*f - 2255. What is the highest common divisor of f and 5?
5
Suppose 0 = q - 138*n + 137*n - 113, -n + 327 = 3*q. Calculate the greatest common divisor of 242 and q.
22
Suppose -215 = -5*g - 205, -2*w + 3*g + 938 = 0. What is the greatest common factor of w and 5959?
59
Let o = -27564 - -40794. What is the greatest common factor of 270 and o?
270
Suppose 5*q = -25, q + 146 + 51 = 2*f. Suppose -6*b = -5*b - f. Let h = -765 + 777. What is the highest common factor of h and b?
12
Let y be 12 + -10 + 2 + 1. Suppose 40*f = 3923 - 523. What is the highest common factor of y and f?
5
Suppose -22 = -4*l + 2. Let b(h) = h**3 - 5*h**2 - 6*h + 10. Let r be b(l). What is the highest common factor of r and 4?
2
Suppose 1248 - 16 = 4*i. Let f(c) be the first derivative of -6*c**2 - 28*c + 46. Let w be f(-6). What is the greatest common factor of w and i?
44
Let n be (1144/715)/(2/50). What is the greatest common divisor of n and 296?
8
Let b = 159 - 93. Suppose 0*k + 3 + 19 = 2*k, -12*n = 4*k - 572. What is the highest common factor of n and b?
22
Suppose -72*q + 57024 = 9*q. What is the highest common divisor of q and 2992?
176
Suppose 91 = 26*p + 13. Suppose 3*a - a = 4*d + 528, p*a = -3*d + 819. Calculate the highest common factor of a and 54.
54
Let f = 7488 - 7371. Calculate the highest common divisor of 42471 and f.
117
Let k(y) = 60*y - 126. Let j(s) = 121*s - 254. Let r(u) = -3*j(u) + 5*k(u). Let q be r(2). What is the highest common divisor of q and 87?
3
Let g(p) = p**2 - 13*p + 2. Let m be g(13). Suppose 0*v = -3*v - 6, m*v = -4*j. Let k be ((-145)/j)/(-5) + 1. What is the greatest common divisor of 12 and k?
6
Let p be -19*(-15)/30*(2 - 4). Let k be 1*8 - (26 + p). Calculate the greatest common divisor of 1 and k.
1
Let c = 57 + -34. Let l = c - -17. Suppose 2*o = -d + l, -2*o + 2*d = -48 + 2. What is the highest common divisor of o and 9?
3
Suppose -217 = -3*s - 4*a, 3*s - 5*s - a + 143 = 0. Let d = s - 73. Let k be ((-1)/d)/(95/(-12) - -8). Calculate the greatest common divisor of 102 and k.
6
Let d = -169 - -172. Let i be -7 + (-4 + 5)*d - -79. Calculate the greatest common divisor of i and 50.
25
Let d = -70 + 75. Suppose -5*a + 3*s = -1437, -4*a + 1148 = -d*s + s. Calculate the greatest common divisor of a and 18.
18
Let m(y) = -7*y + 120. Let t be m(-8). Suppose -248 = -8*g + t. What is the highest common factor of g and 689?
53
Let y(q) = 100*q - 1313. Let d be y(30). Calculate the greatest common divisor of 7 and d.
7
Let s be (-19)/((-133)/(-42)) + 73. Suppose -4*d = 2*h - 38, 4*h - s = -4*d - d. What is the greatest common divisor of h and 4?
1
Suppose 52*o - 33*o + 8360 = 0. Let m = -425 - o. Calculate the highest common factor of m and 465.
15
Let g be 2*(-6 - 312/16). Suppose 3*q - 5*o - 200 = 0, 4*q - 124 = 3*o + 128. Let a = g + q. Calculate the highest common divisor of 27 and a.
9
Let m be -20*1/(-7)*-10*(-14)/20. Calculate the highest common divisor of 10700 and m.
20
Let b(a) = 9*a**3 - 495*a**2 + 5*a - 66. Let h be b(55). Calculate the highest common divisor of 473 and h.
11
Suppose 0 = 5*k + 5*i - 21 + 6, -3 = -3*k - i. Suppose k = 2*z + 2*w - 38, 5*w + 85 = 5*z - 0*w. Calculate the greatest common factor of 18 and z.
18
Let j = -498 - -708. Calculate the highest common factor of j and 280.
70
Suppose 309 = 4*q - 4*q + 3*q. Calculate the highest common divisor of 3193 and q.
103
Suppose -26969 = -134*h + 46*h - 25825. Let s(n) = 34*n + 2. Let m be s(3). What is the highest common divisor of h and m?
13
Let z(v) = 268*v + 1692. Let u be z(-6). Calculate the highest common divisor of 1356 and u.
12
Let l = -31 - -54. Suppose -w - 4*p + 360 = 0, 2*w - 680 = p + 58. Calculate the greatest common divisor of l and w.
23
Let s(j) = j + 24. Let f be s(0). Suppose -4*i = 4*i + 24. Let w(x) = -44*x. Let c be w(i). Calculate the greatest common divisor of f and c.
12
Suppose -20*f = -136403 + 83. What is the greatest common factor of 36 and f?
12
Suppose -3*p + 5*d + 169 = 0, 5*p + 2*d - 381 + 58 = 0. Let n be (-8)/(-3) + (-2)/(-6). Suppose 12 = n*s - 51. What is the highest common divisor of s and p?
21
Suppose 4*q + 179 = 175, -2*f = -2*q - 2762. Calculate the greatest common factor of 110 and f.
10
Let z(c) = -7*c - 17 + 2 + 8. Let t be z(-5). Let u(j) = -j**3 - 23*j**2 + 23*j - 10. Let q be u(-24). Calculate the highest common divisor of q and t.
14
Suppose -49 = -20*i + 60 - 9. Calculate the greatest common divisor of i and 320.
5
Let m(n) = 4*n**2 - 12*n + 5. Let z be m(4). Suppose -2*k + g + z = 0, 6*g = 4*k + 3*g - 43. Calculate the highest common divisor of 30 and k.
10
Let o = 2353 - 2339. Let s(d) = -d**3 + d + 154. Let b be s(0). What is the greatest common factor of o and b?
14
Let u = 178 + -88. Suppose -8*g - 180298 = -32*g - 47*g - 58888. What is the highest common factor of u and g?
90
Let j be 3126/24 - (-87)/116. Calculate the greatest common divisor of j and 7729.
131
Let z(a) = 270*a**2 + 92*a + 41. Let c be z(3). What is the highest common divisor of 536 and c?
67
Suppose 0 = 11*q - 240 - 46. Let k be 28/(-182) + -1*(-524)/q. Calculate the greatest common divisor of 260 and k.
20
Let c be ((-948)/15)/((-4)/(-20))*-2. Let r = 1144 - c. What is the highest common divisor of r and 32?
32
Let h = 166 - 89. Let t(u) = 2*u**3 - 5*u**2 - 83*u + 298. Let n be t(4). What is the greatest common factor of h and n?
7
Let p(u) = u**3 - 5*u**2 - 60*u + 81. Let q be p(11). Calculate the greatest common divisor of 903 and q.
21
Suppose -1814*n + 1812*n = -2926. Calculate the highest common factor of n and 14.
7
Let o(i) = 31*i**2 + i. Let w be o(1). Suppose -93*v + 39*v = 0. Suppose v = -36*a + 53*a - 136. What is the greatest common factor of w and a?
8
Suppose -119*l = -112*l - 1351. Let w = 195 - l. Calculate the highest common factor of w and 86.
2
Suppose -433*f = -87*f - 979526. What is the greatest common divisor of f and 19?
19
Suppose -v + 169 = 4*y - 14, -4*v + 692 = -4*y. What is the greatest common factor of 301 and v?
7
Let c be (31/62)/((-3)/(-30)). Suppose 3 = 3*r, 2*r + r = -c*j + 578. Calculate the greatest common divisor of j and 15.
5
Let z be (160/(-6))/((-2)/15). Let f = 28 + 33. Let c = f - 11. What is the highest common divisor of z and c?
50
Let g(b) = b**3 + 48*b**2 - 52*b - 153. Let x be g(-49). Let j(t) = t**3 + 5*t**2 - 11*t - 10. Let m be j(x). Calculate the highest common divisor of 140 and m.
20
Suppose 3*m - 5*d - 48 + 325 = 0, -5*m - 2*d = 410. Let i = m - -120. What is the greatest common factor of 36 and i?
36
Let i be (444/24 + 7)/((-1)/2). Let z be 6/(-2)*2431/i. What is the highest common factor of 91 and z?
13
Let s(p) = 20*p + 1380. Let q be s(-68). What is the greatest common factor of 4540 and q?
20
Let w = 245 - 248. Let m(b) = -21*b - 52. Let n be m(w). What is the greatest common factor of n and 44?
11
Suppose -37*o + 2696 - 1031 = 0. Calculate the highest common divisor of o and 2355.
15
Suppose -24*i - 5*l = -19*i - 104285, i = -3*l + 20859. Calculate the greatest common factor of i and 33.
33
Let v(b) = 76*b - 96. Let u(z) = -77*z + 96. Let n(q) = 5*u(q) + 6*v(q). Let s be n(2). What is the highest common factor of s and 2?
2
Let u(g) = 24*g + 4. Let c be u(0). Let h(n) = -9*n**3 - 4*n**2 + 6*n + 4. Let x be h(-4). Let j be x/27 - c/18. What is the greatest common factor of j and 27?
9
Let w be (-3575)/(-150) - 2/(-12). Let q = -9 + w. Calculate the highest common factor of q and 20.
5
Let m(n) = -53*n + 427. Let d be m(8). Suppose -368 = -4*k + 2*j + 2*j, 2*k - 194 = 4*j. What is the highest common divisor of d and k?
3
Let d be ((-36)/27)/(101/(-38784)). Suppose q - 4*q + 96 = 0. Calculate the highest common factor of q and d.
32
Suppose 5*q - 117 = -4*l, -2*q - 36 = -2*l - 0*q. Let s(o) = 2*o**3 + 102*o**2 - 10*o + 19. Let d be s(-51). Wha